 s(836).
-1
Let u(h) = 71313*h + 855804. Determine u(-12).
48
Let g(d) = 1848305*d + 11089833. Give g(-6).
3
Let x(j) = 51369*j - 1386985. Determine x(27).
-22
Let t(p) = -247*p**2 - 5188*p - 1. Calculate t(-21).
20
Let j(t) = -t**3 + 6*t**2 + t + 16. Determine j(6).
22
Let u(p) = 3*p**3 - 27*p**2 + 331*p - 2626. Give u(8).
-170
Let p(a) = 25223*a - 150910. What is p(6)?
428
Let f(j) = -j**3 + 28*j**2 + 3421*j + 25087. What is f(-8)?
23
Let y(g) = -236*g**3 - 730*g**2 - 57*g + 7. Give y(-3).
-20
Let z(c) = 3*c**3 - 1208*c**2 + 3242*c - 16837. Calculate z(400).
-37
Let h(d) = -418*d + 164703. Give h(394).
11
Let h(n) = 1242*n - 351481. Give h(283).
5
Let c(b) = -2*b**2 - 548*b - 5231. Calculate c(-10).
49
Let f(l) = -480*l**2 + 11541*l - 11. Determine f(24).
493
Let x(a) = 201*a - 6118. What is x(33)?
515
Let l(h) = -8*h**3 + 82*h**2 + h - 336. What is l(2)?
-70
Let r(b) = -9*b**2 + 1337*b + 28637. What is r(-19)?
-15
Let p(j) = j**3 + 7*j**2 + 42*j - 221. Give p(3).
-5
Let p(s) = -s**3 - 27*s**2 - 33*s - 2637. Determine p(-29).
2
Let x(f) = 1735*f + 31413. Determine x(-18).
183
Let s(g) = 3*g**3 + 6*g**2 - 27*g - 135. Determine s(-4).
-123
Let d(h) = -h**3 - 102*h**2 - 78*h - 19332. What is d(-103)?
-689
Let q(l) = -146*l**2 - 55*l - 14. Give q(0).
-14
Let k(u) = -96*u - 18034. Give k(-187).
-82
Let v(s) = -3136*s + 1226151. Calculate v(391).
-25
Let f(t) = 28*t + 1070. Calculate f(-17).
594
Let a(w) = w**2 - 648*w - 37150. Calculate a(-53).
3
Let i(j) = j**2 - 1778*j - 205417. Determine i(-109).
266
Let l(m) = 11742*m + 857158. Calculate l(-73).
-8
Let m(q) = -8*q**2 + 84661*q - 1605669. Give m(19).
2
Let m(w) = -15290*w - 7935507. What is m(-519)?
3
Let z(s) = 84*s**2 - 133*s + 16. What is z(1)?
-33
Let f(v) = 3*v**2 + 54*v + 277. Determine f(-16).
181
Let k(p) = p**3 + 6*p**2 - 227*p - 2380. Calculate k(-11).
-488
Let b(r) = -25374*r + 456620. Determine b(18).
-112
Let y(c) = -2433*c + 44709. What is y(19)?
-1518
Let k(l) = -l**2 - 279705*l - 2517254. What is k(-9)?
10
Let p(u) = 436*u**2 - 3993*u - 112. What is p(9)?
-733
Let h(o) = o**2 - 1075*o + 27307. Determine h(26).
33
Let o(f) = -f**3 - 96*f**2 - 690*f + 756. Calculate o(-88).
-476
Let v(w) = -w**2 + 54*w - 98. Give v(50).
102
Let b(m) = -12*m**3 - 68*m**2 - 40*m - 323. What is b(-6)?
61
Let s(m) = -2*m**3 - 2*m**2 + 1117*m + 149. Calculate s(0).
149
Let g(l) = 576*l - 267329. Determine g(464).
-65
Let i(k) = 22709*k + 113640. Determine i(-5).
95
Let q(b) = b**2 - 697*b + 5691. Determine q(8).
179
Let h(d) = -d**3 + 15*d**2 - 10*d + 213. Determine h(17).
-535
Let m(q) = -10*q**3 + 1831*q**2 - 155*q - 5149. What is m(183)?
-25
Let s(n) = 2*n**2 + 412*n - 6340. Calculate s(14).
-180
Let y(k) = -k**3 - 161*k**2 - 384*k - 10502. Calculate y(-159).
-8
Let a(u) = -6505*u - 32621. Determine a(-5).
-96
Let b(k) = k**3 + 105*k**2 + 3126*k + 36441. What is b(-66)?
9
Let a(r) = -830*r**2 + 70547*r + 99. Give a(85).
-156
Let u(t) = -20823*t + 20715. Determine u(1).
-108
Let s(z) = 1310*z + 11546. Give s(-9).
-244
Let p(w) = -4*w**2 - 1754*w - 19139. Calculate p(-11).
-329
Let f(o) = 737*o - 208446. Determine f(283).
125
Let t(k) = -51*k**2 - 676*k + 159. Calculate t(-13).
328
Let f(d) = -d**3 - 20*d**2 - 237*d - 4732. Give f(-20).
8
Let g(m) = -25138*m - 5480045. Calculate g(-218).
39
Let h(w) = -7*w**3 + 487*w**2 + 204*w + 452. Determine h(70).
32
Let t(o) = 4666*o + 9385. Give t(-2).
53
Let o(q) = q**3 - 663*q**2 + 72454*q - 1993. Give o(525).
107
Let c(f) = 35*f**2 + 4565*f + 9142. What is c(-2)?
152
Let h(t) = -2*t**2 + 77536*t - 2092026. Calculate h(27).
-12
Let d(p) = -46*p + 475. Give d(-21).
1441
Let u(x) = -2116*x + 171401. What is u(81)?
5
Let q(b) = b**3 + 20*b**2 + 146*b - 212. What is q(-17)?
-1827
Let a(s) = -34*s**3 + 7104*s**2 + 405*s + 2714. Determine a(209).
-3
Let b(k) = k**3 + 685*k**2 - 15479*k + 53055. What is b(-707)?
30
Let g(b) = 1853*b - 168054. Calculate g(91).
569
Let d(o) = 122*o**3 - 6956*o**2 + 112*o + 111. Give d(57).
-3
Let t(c) = 12*c**2 + 260*c - 24. Calculate t(8).
2824
Let a(b) = -b**2 - 14*b + 1479. Calculate a(32).
7
Let r(c) = -134*c + 4998. Calculate r(41).
-496
Let z(u) = -44*u**2 - 2393*u - 4796. Calculate z(-2).
-186
Let l(r) = -8304*r - 79580. What is l(-9)?
-4844
Let q(w) = w**3 - 939*w**2 + 2311*w - 409470. Calculate q(937).
-1
Let a(d) = -49582*d - 446244. Calculate a(-9).
-6
Let k(h) = 5076466*h + 30458773. Calculate k(-6).
-23
Let w(y) = -110*y + 9855. Calculate w(97).
-815
Let j(i) = 23*i**2 - 243*i + 539. Determine j(6).
-91
Let t(i) = i**3 + 180*i**2 + 1198*i + 15. Give t(-7).
106
Let a(u) = 4*u**2 + 728*u - 79742. What is a(-259)?
30
Let b(i) = -656*i + 551625. Give b(841).
-71
Let z(c) = -172*c + 6305. Give z(53).
-2811
Let c(q) = q**3 - 5*q**2 - 1108*q + 7708. Determine c(7).
50
Let b(v) = 717*v + 142962. Give b(-199).
279
Let k(c) = -3*c**3 - 53*c**2 - 127*c - 2595. Determine k(-18).
15
Let s(w) = -4*w**2 - 1775*w - 15785. What is s(-9)?
-134
Let k(x) = 9*x**2 - 356*x + 2834. Calculate k(11).
7
Let d(i) = i**2 + 240*i - 60805. Give d(154).
-129
Let h(v) = v**2 - 491*v - 3981. Calculate h(-8).
11
Let z(g) = -1994*g - 63990. Give z(-32).
-182
Let g(u) = -111*u**2 - 424*u - 301. Calculate g(-4).
-381
Let l(j) = -j**2 - 154*j + 3076. What is l(18)?
-20
Let p(q) = 292*q**2 - 68618*q - 496. Calculate p(235).
-26
Let t(p) = 3*p**2 - 421649*p + 421652. Calculate t(1).
6
Let p(m) = 6*m**3 + 82*m**2 + 1146*m + 1957. Calculate p(-2).
-55
Let l(x) = 2166*x + 221037. Give l(-102).
105
Let n(h) = -68*h**2 - 4401*h - 7379. What is n(-63)?
-8
Let j(m) = -m**2 + 108*m + 1534. Determine j(127).
-879
Let k(v) = 3*v**2 - 1308*v + 35983. What is k(27)?
2854
Let c(o) = -46*o**3 + 729*o**2 + 147*o - 562. Give c(16).
-2
Let t(v) = -v**3 - 95*v**2 - v + 369. Calculate t(-95).
464
Let w(n) = -n**3 + 28*n**2 + 65*n - 768. What is w(20)?
3732
Let g(m) = 4*m**2 - 111*m - 100. Determine g(27).
-181
Let j(z) = 3*z**3 - 186*z**2 - 1139*z + 2. Calculate j(-6).
-508
Let u(y) = 5*y**2 + 461*y + 1433. Give u(-3).
95
Let b(y) = 21*y + 918. Calculate b(40).
1758
Let q(x) = -2*x**2 - 261*x - 5177. Calculate q(-106).
17
Let d(t) = -t**3 + 61*t**2 + 30941*t - 1883. Calculate d(209).
-2
Let f(a) = -5*a**2 + 405*a + 22299. Determine f(118).
469
Let n(t) = -3*t**2 + 481*t - 18529. What is n(96)?
-1
Let j(v) = 541*v + 33292. Give j(-61).
291
Let c(k) = 32*k**2 - 1591*k - 404. Calculate c(50).
46
Let b(t) = -t**3 - 21*t**2 + 51*t - 684. Calculate b(-26).
1370
Let v(p) = -625019*p - 93752853. Calculate v(-150).
-3
Let m(r) = -6*r**3 + 38*r**2 - 20*r + 69. Determine m(7).
-267
Let l(y) = 55*y + 3963. Give l(-74).
-107
Let y(b) = -7*b**2 - 151*b - 875. What is y(-12)?
-71
Let r(y) = -139*y**2 + 4082*y - 1484. Calculate r(29).
-5
Let x(q) = -q**3 + 212*q**2 + 87*q - 18483. Calculate x(212).
-39
Let s(b) = -78*b - 123. Give s(-5).
267
Let p(h) = -9402*h**2 - 37634*h - 112. Calculate p(-4).
-8
Let a(i) = -2*i**3 - 70*i**2 + 1095*i + 3827. Determine a(-46).
9
Let v(q) = 14*q**3 - q**2 + 447*q - 1793. Calculate v(4).
875
Let d(z) = 18*z**2 - 894*z + 11113. Determine d(25).
13
Let c(u) = -u**2 - 1042*u + 13723. What is c(13)?
8
Let g(b) = 2*b**3 - 74*b**2 + 2*b + 65. Give g(36).
-2455
Let k(l) = 5924*l - 42311. Calculate k(7).
-843
Let t(w) = 2*w**3 - 249*w**2 + 111*w + 1196. Calculate t(124).
-416
Let q(w) = 19*w**3 + 39*w**2 - 42*w - 46. What is q(-6)?
-2494
Let i(n) = 3300*n + 85789. What is i(-26)?
-11
Let w(y) = -2*y**2 + 844*y + 60007. Give w(-62).
-9
Let k(d) = -2240*d - 13933. Give k(-7).
1747
Let r(i) = -i**3 - 306*i**2 - 238*i - 72818. Give r(-306).
10
Let j(i) = i**3 - 146*i**2 - i + 424. What is j(0)?
424
Let f(a) = a**2 + 10*a - 30. Calculate f(-11).
-19
Let h(k) = k**3 - 330*k**2 - 1141*k - 970. Calculate h(-2).
-16
Let w(g) = -909*g + 24477. What is w(27)?
-66
Let x(a) = a**2 + 5612*a + 150794. Give x(-27).
-1
Let p(j) = 6*j**2 + 683*j - 3504. Determine p(5).
61
Let u(m) = 33*m**2 - 10*m - 667. What is u(-4)?
-99
Let l(p) = 7*p**2 - 522*p - 3016. Calculate l(80).
24
Let c(s) = -11394*s + 22549. Calculate c(2).
-239
Let h(d) = d**3 + 10*d**2 - 636*d + 3007. Calculate h(17).
-2
Let i(f) = 7*f**3 - 249*f**2 - 105*f - 97. Calculate i(36).
11
Let r(f) = 3*f**2 - 90*f + 1002. Gi